+ (9 + 65 + -22 + -14 - 6)?
25
Calculate 37 + -29 + 16 + -19 + -84.
-79
What is the value of -40 + -20 + 27 + 15?
-18
Calculate (1 - 1 - 8) + 23 + 28 + -69.
-26
1 + -2 + -39 + (45 - (351 - 306))
-40
14 - (269 - 317 - (-7 + -3))
52
1 + 7 + (-1 - 8) + 4 + -4 - 62
-63
Evaluate 19 + 105 + -10 - (174 + -182).
122
What is 85 - (41 - (36 - 47))?
33
-350 + 338 - ((-2 - (3 - 5)) + -2) - 28
-38
-152 - (-225 - -88) - (119 - -4)
-138
What is 1 - 7 - (-184 + 91 - -78)?
9
What is the value of 67 + (97 - (-139 + 199))?
104
40 - -9 - -2 - 1 - (5 - 3 - -2)
46
Evaluate (-11 - -21) + -24 - -50.
36
What is the value of 3 + -125 - (-6 - (-12 + (-17 - 1 - -23)))?
-123
What is the value of (-16 - (-9 - (4 + -17))) + -23?
-43
Calculate -38 + (-2 - -4 - -21) - (-3 - -29).
-41
What is the value of -184 + -27 + 121 - -15?
-75
Evaluate 3 - (52 + -47 + 36).
-38
Evaluate -1 + 17 + -25 + 71 - -19.
81
-114 + (-131 - -199) - -38
-8
Calculate -31 + 5 - (-27 + 41 - 30).
-10
65 - (-48 - (-25 + 6))
94
-23 + (-15 - -24) - -26
12
What is -18 + (220 - 237) + (5 - -1)?
-29
What is (-37 - (-65 + 45)) + 10?
-7
19 + 27 - 7 - (-5 - 8)
52
79 + 16 + -46 - 61 - (98 + 1)
-111
What is the value of 571 + -569 - (3 + -27 + -1)?
27
Calculate (-62 - -87) + -68 - 6.
-49
(-50 - -41) + 96 - 34
53
What is the value of -3 + 4 + -2 + -6 + 7 - (3 + -25)?
22
What is the value of 3 - (0 + -7 + (5 - 4)) - (4 + 29)?
-24
Calculate 32 + -56 + 20 + 22.
18
What is 33 - (-70 - -74) - 12?
17
What is the value of (-5 - (4 - 8)) + (-11 - -2) + (183 - 96)?
77
Calculate 98 + (-77 + 101 - 187).
-65
What is -8 + -5 + 63 + 2?
52
Calculate (-25 + 7 - (7 + -1 + -24)) + 13.
13
What is 6 - ((9 - -19) + -18 - 22) - -43?
61
-26 + 28 + -26 + -20
-44
What is the value of 98 + (-6 - (29 + -24)) + 9 + -2 + -2?
92
What is the value of 143 + -150 + 74 + 1 - (11 - 0)?
57
What is (41 - 5 - -2) + (19 - (6 - -2 - -14))?
35
What is the value of 17 - ((-3 - 27) + 44)?
3
What is the value of -80 + (-79 - -80 - -81)?
2
What is the value of 1 - 94 - (-2120 - -2014)?
13
Evaluate 1 - -8 - 95 - (23 + -3 - 8).
-98
What is 33 - (-25 + (32 - (14 + -15)))?
25
What is 147 + -91 + (5 - -11) + -2 + (-6 - -3)?
67
What is the value of -123 - (-41 + -78) - (2 + 0 - 15)?
9
Calculate -28 - (-93 + 59) - 46.
-40
What is (-87 - -108 - (2 + 21)) + (1 - 6)?
-7
What is the value of 16 + (-16 - (13 + (-7 - 10)) - -14)?
18
Evaluate 3 + (-180 - (-269 + 136)).
-44
-4 - 2 - (10 + (2 - 1) - (-622 - -634))
-5
Calculate -7 + (11 - 9) - (-1 - 61) - 12.
45
What is the value of (6 + -14 - 18) + (55 - -7)?
36
What is the value of 105 + -183 + 20 + -19 + (-1 - 0)?
-78
Calculate (-3 - -3) + (-1 + 31 - (-56 - (-40 + -17))).
29
Calculate 12 + -51 - ((-18 - -1) + (-2 - -12)).
-32
(2 - -12) + -1 - (-292 + 306)
-1
What is -29 - (10 + 26 - 26)?
-39
What is 40 + (-30 - ((-27 - -21) + -37))?
53
What is the value of -8 + 18 + 8 - (-2 + 3) - (22 + -21)?
16
Calculate 48 + -30 + -12 + -43.
-37
What is -85 + (20 - 45) + 76?
-34
What is the value of -5 + -23 + 37 - 12 - -24?
21
What is the value of -11836 + 11858 + -95 + 1?
-72
Calculate -110 - -109 - (-11 - -4).
6
What is the value of (-15 - (3 - 13)) + (-1 + 37 - -29)?
60
What is the value of 245 - 140 - (5 - -45)?
55
Evaluate -22 - 12 - -9 - (8 + 2).
-35
27 + 3 + 21 + -7
44
What is (-168 - -99 - -36) + 29?
-4
What is the value of 106 + -82 - (17 + 3 - 6)?
10
(372 - 366) + (48 + 4 - 6)
52
Evaluate (26 - 17) + 27 + 27 + 1.
64
What is the value of 6 + -78 + (289 - 229)?
-12
What is the value of 448 + -433 - (3 + -17)?
29
What is the value of 14 + 23 + -11 - 39 - -48?
35
74 + 91 + -102 - -12
75
What is -364 + 390 - (-6 + 58 - -2)?
-28
Evaluate (7 + -27 - (11 - -1)) + (4 - 16).
-44
Calculate 928 + -893 + 3 + 3 + -127.
-86
Calculate -67 + 5 + 17 + 3 + 18.
-24
-2 + 28 + (-8 - (79 - 66)) - 14
-9
Calculate (-21 - (22 - (-7 - -36))) + 13.
-1
Evaluate 0 + 13 - (-74 + 39 - -47).
1
21 + -83 + 31 + (0 - 13)
-44
Evaluate 13 + (-3 - 3) + -2 + 12 + (117 - 178).
-44
Evaluate (75 + -38 - 26) + 80.
91
(-49 - -48 - (0 + -12)) + -33 + 84
62
What is the value of 48 + 67 + -42 + -4?
69
Evaluate (71 + -58 - 53) + (8 - 2) - 17.
-51
What is the value of (-19 + 14 - 3) + 12 - 22?
-18
What is the value of -93 - -160 - -83 - 79?
71
What is -15 + 6 + 20 + 12?
23
(14 - 17) + 1 + -6 - (-296 - -296) - -6
-2
Calculate (36 + (-18 - 9) - -19) + (-1 - -12).
39
Evaluate 3 + 11 - (17 + -18 + 25).
-10
(-128 - 10) + (-34 - -75)
-97
Evaluate (9 - (-4 + 6) - (-25 + 25)) + -7 + 12.
12
(-3 - 93) + (2 - -1) + (-9 - (-30 - -23))
-95
Evaluate (2 - 60) + (-1480 - -1624).
86
What is 11 + (21 + 2 - 64 - 21)?
-51
Calculate (36 - 45) + 9 + (-36 - 6).
-42
What is the value of -7 + 0 - (-2 + -32 + 4 - 0)?
23
Calculate 159 + -190 - (-18 + (9 - 18) + 11).
-15
(43 - -23) + 21 + -67 - (86 - 0)
-66
Calculate -7 - (8 - (8 + 3) - 5) - -13.
14
What is 16 - (-109 + 38 + 49)?
38
What is the value of -7 - (-5 - (-44 + 26))?
-20
Evaluate -1 - (-4 + (13 - 21) - (-5 - 0)).
6
What is the value of 5 + (-2 + (-6 - 5 - -4) - (19 + 13))?
-36
-113 + (371 - 148) + -9
101
-43 + (-3 - 8) + 14
-40
What is the value of 0 + -1 - (-17 + -31 + 71)?
-24
Evaluate (-55 - -157) + -91 + 32.
43
Evaluate 32 + -10 + 18 + -16 + 39.
63
Evaluate -1 + 9 + -41 + -90 + 81.
-42
15 - 4 - (0 - (8 - 18) - -9)
-8
What is the value of -3 + 31 - ((186 - 176) + 3 + 1 + -11)?
25
What is (-148 - -153) + -12 + 7 + 7?
7
Calculate (-24 - (-14 - -10 - (-2 + 3))) + -6.
-25
Evaluate -12 - 0 - (-480 - -502 - (1 + 37) - 50).
54
What is the value of -41 + -138 + 182 - (1 + -1 + 2 + -7)?
8
What is -2 + ((-5 + -1 + -15 - -3) + 11 - -2)?
-7
Calculate 39 - (13 - 10) - (12 - (3 + -5 + 2)).
24
What is the value of (6 - -1) + -4732 + 4686?
-39
Calculate (25 - (34 + 83 + -32)) + 26.
-34
Evaluate -14 - -13 - (-3 + -1 + (2 - 0) + 9).
-8
(7 - -3) + (-73 - -74 - (4 + -1)) + 39
47
What is the value of -41 + 7 + (23 - (-15 + 56)) + 16?
-36
What is -5 + 0 - (16 + 6 - (-16 + 24))?
-19
Evaluate -91 + 234 + -277 - (-1 + -30).
-103
Calculate (79 - (-19 - (-56 - -21))) + -16.
47
Evaluate 1 - (-1 + -2 + 11 + 12 + -5).
-14
What is 29 - (-6 - (-32 + (52 - 10)))?
45
What is (-15 - 34) + 72 + 6?
29
What is the value of 104 - (151 - (21 + 61))?
35
What is the value of -47 + -10 + 41 + -6 + -10?
-32
What is the value of -39 - -39 - -10 - -34?
44
What is (6 + -21 - (1 - 8) - 3) + 6?
-5
What is 6 + -27 + 29 + -24?
-16
Evaluate (0 - 3) + (-10 + -18 + 20 - 27) + 11.
-27
(-57 + 49 - (3 + -9)) + (0 - -1) + 68
67
Evaluate (34 - (51 + 0) - (-1 + -2)) + 30.
16
Calculate -7 + (-89 - -206) + -118.
-8
Calculate (24 - 66) + 15 - (15 + 2).
-44
Calculate 3 - -9 - (-16 + 14 + -16 + -2).
32
What is the value of (-20 - (-42 - -31)) + (-4 - 55)?
-68
(70 - (-28 - -42)) + -93
-37
Calculate -33 - -27 - (1 + -1) - (42 + -1 + -6).
-41
0 + 7 + -29 + 133 + -62
49
Evaluate (3 - 25 - (-71 - -60)) + -22.
-33
Calculate -656 + 730 + -94 + 11.
-9
What is the value of -56 + ((15 - -10) + -7 - -1)?
-37
Evaluate 89 + -211 + 24 - -174.
76
Calculate -2 + (13 - 4) + -1 - (-8 - (33 - 4)).
43
Evaluate -152 - -127 - (5 + -2 + 3 + -8).
-23
Calculate -7 - 7 - -30 - (-10 + 78).
-52
Evaluate -3 + -1 - (318 - 274) - 86.
-134
Evaluate 27 + -15 - ((-18 - -2 - -14) + 2 + 2).
10
Calculate -6 + -15 + 56 + -34.
1
Calculate 9 + 3 + (-2 - -8) + 72 + -104.
-14
What is the value of -13 - ((4 + -2 - -20) + (-789 - -788))?
-34
What is the value of 54 - (1 + (12 - (14 + 1)))?
56
Evaluate -7 - (7 + -2 - (-33 + (5 - -5))).
-35
Evaluate -48 + 28 + 13 - (9 + 9).
-25
What is -91 - (22 + (-8 - 90))?
-15
What is the value of -11 + -8 + 15 - -28 - (22 - 26)?
28
What is 5 + 1 + 46 - (4 - (10 - -5) - -16)?
47
Calculate 62 - ((18 - 84) + 184).
-56
Calculate -7 + 61 + 28 + -101.
-19
Calculate 1 + -4 - ((12 - -9 - -21) + -14).
-31
Evaluate 14 - (14 + (-16 - -22) + 21).
-27
Calculate -29 + (-7 + 0 - (7 - 2 - (6 - -3))).
-32
Calculate 8 + -17 + 3 + (-51 - -9) + 10.
-38
(-2 - 1) + (25 + (-41 - -25) - -3)
9
Calculate (-19 - -29) + -16 - -3 - (-1 + 1 - 25).
22
What is 38 - (-16 + 35 + -14 + 31)?
2
Evaluate (-1 - 127) + (61 - (54 - (-14 - -24))).
-111
What is 19 + (5 - 6 - (-1 - 1)) - (87 - 102)?
35
What is the value of -27 - (-8 + 3 + -16) - -38?
32
What is the value of 7 + -22 - (-1 - (-16 + 6))?
-24
What is (-36 + 62 - 62) + 9 - 21?
-48
What is 